+ 10*h - 6. Give n(5).
19
Let x(a) = a**3 + 12*a**2 + 37*a + 25. Give x(-6).
19
Let g(h) = h**2 + h - 4. Calculate g(-3).
2
Let k(b) = b**2 - 28*b - 81. Give k(30).
-21
Let n(c) = -15*c + 1. What is n(-3)?
46
Let i(f) = -f**2 - 9*f - 4. Give i(-9).
-4
Let l(o) = 31*o**2 + 4*o - 4. What is l(1)?
31
Let p(z) = -z**3 + 13*z**2 - 10*z - 31. Calculate p(12).
-7
Let m(w) = -5*w - 217. Determine m(-43).
-2
Let f(l) = -l**2 + 8*l + 5. Give f(8).
5
Let o(z) = 3*z**2 - 7*z + 6. What is o(2)?
4
Let z(o) = -2*o**3 + 4*o**2 + 3*o + 6. Calculate z(3).
-3
Let c(h) = h**3 - 25*h**2 + 2*h - 53. What is c(25)?
-3
Let k(h) = h**3 - 8*h**2 + 7*h + 9. What is k(7)?
9
Let u(c) = -c**3 + 12*c**2 - 11*c - 13. Calculate u(11).
-13
Let u(s) = -s - 1. What is u(6)?
-7
Let o(w) = w**3 - 6*w**2 - 7*w + 2. Determine o(7).
2
Let b(x) = x + 5. Give b(-8).
-3
Let m(u) = -2*u + 39. What is m(18)?
3
Let g(u) = 56*u**2 + 2*u + 1. What is g(-1)?
55
Let w(z) = -z**2 + 7*z - 8. Calculate w(6).
-2
Let y(r) = -5*r + 24. What is y(5)?
-1
Let o(u) = u**2 - 7*u - 7. What is o(-1)?
1
Let t(s) = 9*s + 106. Determine t(-13).
-11
Let r(d) = 2*d**2 + d - 1. Calculate r(1).
2
Let u(m) = m**2 + 3*m - 1. Calculate u(-2).
-3
Let d(g) = -2*g + 29. Determine d(13).
3
Let z(k) = k**2 - 16*k + 19. Give z(9).
-44
Let l(c) = c + 14. What is l(-5)?
9
Let v(y) = 3*y - 25. Calculate v(8).
-1
Let p(l) = -6*l - 10. Give p(-3).
8
Let j(f) = 3*f**2 - 17*f - 45. Give j(7).
-17
Let r(g) = g**3 - 5*g**2 + 6*g - 5. What is r(4)?
3
Let n(v) = -6*v**3 + v**2 + 3*v + 4. Give n(-1).
8
Let p(l) = -4*l**3 + l**2 + 3*l - 1. Calculate p(2).
-23
Let t(r) = r**2 + 15*r - 21. Determine t(-16).
-5
Let r(l) = 9*l + 7. Give r(-5).
-38
Let n(v) = v**3 + 5*v**2 + 4*v - 1. Calculate n(-2).
3
Let v(c) = -c**2 - 10*c - 15. Determine v(-7).
6
Let r(q) = -q**2 + 15*q - 6. Calculate r(14).
8
Let y(n) = n**2 + 6*n - 98. Determine y(7).
-7
Let s(x) = 2*x**3 + 6*x**2 - 5*x - 9. Determine s(-4).
-21
Let l(y) = -4*y + 38. Calculate l(9).
2
Let c(y) = -42*y - 2310. Determine c(-55).
0
Let m(j) = 10*j + 15. Give m(-5).
-35
Let z(m) = 51*m - 1075. Calculate z(21).
-4
Let f(u) = 2*u + 7. Determine f(-7).
-7
Let s(o) = 15*o - 1. What is s(3)?
44
Let r(t) = -60*t + 55. Calculate r(2).
-65
Let x(y) = -5*y - 48. Give x(-11).
7
Let y(u) = 5*u + 92. Give y(-19).
-3
Let h(s) = 4*s - 10. Give h(2).
-2
Let o(y) = 3*y - 3. Determine o(2).
3
Let a(m) = -m**3 - 24*m**2 + 50*m - 63. Calculate a(-26).
-11
Let z(y) = y + 19. Determine z(-15).
4
Let v(b) = b**3 - b**2 - 4*b + 7. Determine v(2).
3
Let i(u) = -u**2 - 28*u - 165. Determine i(-9).
6
Let a(y) = -y**3 + 8*y**2 - 6*y + 10. Calculate a(6).
46
Let p(q) = -q**3 - 14*q**2 + 14*q - 18. Calculate p(-15).
-3
Let w(u) = u**2 - 4. What is w(-4)?
12
Let s(a) = a**3 - 3*a**2 - 9*a - 2. Calculate s(-5).
-157
Let m(z) = -14*z + 52. Calculate m(4).
-4
Let k(f) = -f**3 + 3*f**2 - f - 8. What is k(4)?
-28
Let t(o) = 2*o**3 + 14*o**2 + o - 33. Determine t(-7).
-40
Let o(p) = -31*p + 188. Give o(6).
2
Let d(f) = -6*f - 2. Calculate d(-1).
4
Let r(h) = -3*h + 26. Give r(6).
8
Let c(a) = -2*a**2 - 8*a - 16. Give c(-6).
-40
Let c(n) = n**3 + 9*n**2 + 8*n + 63. What is c(-9)?
-9
Let t(j) = 2*j + 9. What is t(-4)?
1
Let j(t) = -6*t + 4. What is j(3)?
-14
Let o(v) = -v**3 - 10*v**2 - 7*v + 13. Calculate o(-9).
-5
Let c(i) = i**2 - 36. Determine c(8).
28
Let f(n) = n**2 + 10*n + 9. What is f(-11)?
20
Let r(q) = 4*q + 161. Give r(-46).
-23
Let h(g) = g**3 - 23*g**2 + 59*g + 21. Give h(20).
1
Let r(j) = j + 49. Determine r(0).
49
Let g(t) = 13*t**2 + 3*t - 1. What is g(2)?
57
Let m(f) = 3*f**2 - 55*f - 21. Give m(19).
17
Let h(i) = 10*i + 326. Calculate h(-33).
-4
Let w(d) = -d**3 + 7*d**2 + 11*d. What is w(9)?
-63
Let s(y) = 4*y + 6. What is s(5)?
26
Let t(v) = 7*v - 4. Determine t(9).
59
Let t(s) = s - 3. Give t(6).
3
Let y(t) = -3*t**2 - 2*t + 2. Determine y(-2).
-6
Let b(g) = -9*g - 14. Give b(11).
-113
Let g(r) = -8*r + 94. Determine g(13).
-10
Let o(g) = -g**3 + 4*g**2 + g + 3. Give o(4).
7
Let y(k) = 3*k**3 - 21*k**2 + 1. What is y(7)?
1
Let p(v) = -8*v + 9. Give p(4).
-23
Let m(x) = 3*x + 30. Determine m(-12).
-6
Let y(g) = -4*g + 19. Determine y(5).
-1
Let c(r) = -r**3 + 14*r**2 + 16*r + 47. Determine c(15).
62
Let q(k) = -k**3 + 14*k**2 + 34*k - 16. Determine q(16).
16
Let s(u) = u**2 - 18*u - 43. What is s(20)?
-3
Let g(x) = 38*x**3 + x**2 + x + 1. Determine g(-1).
-37
Let w(l) = -l**3 - l**2 + 1. Give w(1).
-1
Let p(y) = -y**2 - 34*y - 126. What is p(-30)?
-6
Let g(r) = r - 6. Calculate g(24).
18
Let h(a) = a**3 - 49*a**2 - 390*a - 105. Give h(56).
7
Let n(u) = -24*u - 463. Calculate n(-19).
-7
Let q(y) = 2*y - 3. Calculate q(7).
11
Let z(m) = m**3 - 4*m**2 - 2*m - 4. Determine z(5).
11
Let u(g) = g**3 + 3*g**2 + 2*g. Give u(-3).
-6
Let n(j) = j**2 - 12*j + 10. Give n(11).
-1
Let n(m) = 7*m + 19. What is n(-14)?
-79
Let v(u) = -u**2 + 38*u - 3. Give v(38).
-3
Let b(d) = -d**3 - 8*d**2 + 11*d - 10. Give b(-10).
80
Let k(y) = -y**2 + 8*y + 9. Determine k(0).
9
Let n(m) = -m - 7. What is n(-3)?
-4
Let w(b) = 2*b**3 - 20*b**2 - 25*b + 22. Determine w(11).
-11
Let z(h) = 9*h - 9. Calculate z(2).
9
Let m(a) = -2*a**3 + 22*a**2 + 4*a - 44. Give m(11).
0
Let f(i) = -5*i + 8. Determine f(3).
-7
Let y(r) = -r**2 - 4*r + 6. What is y(-7)?
-15
Let u(c) = 11*c**2 - 3. Determine u(3).
96
Let o(w) = 5*w + 48. What is o(-11)?
-7
Let l(g) = 26*g**3 + 2*g**2 + 3*g + 1. What is l(-1)?
-26
Let t(w) = -w**3 - 3*w**2 + 4*w + 2. Give t(-3).
-10
Let b(q) = 7*q + 4. Give b(-2).
-10
Let m(i) = 7*i**2 + i - 1. What is m(-1)?
5
Let b(u) = -u**2 - 13*u - 57. Determine b(-9).
-21
Let f(a) = -11*a - 62. What is f(-14)?
92
Let p(a) = 2*a + 1. Give p(0).
1
Let a(s) = -5*s**2 + 4*s - 3. What is a(-3)?
-60
Let t(i) = 5*i + 42. Determine t(-21).
-63
Let j(r) = r**3 - 38*r**2 - 36*r - 116. Determine j(39).
1
Let d(t) = 33*t + 252. Give d(-8).
-12
Let z(w) = -2*w**2 - 2*w + 31. Determine z(-4).
7
Let h(n) = n**2 - 8*n - 5. Determine h(11).
28
Let y(g) = g - 38. Give y(-5).
-43
Let a(j) = -j + 3. Give a(6).
-3
Let q(z) = -12*z - 128. What is q(-12)?
16
Let o(y) = -y**3 - 5*y**2 + 29*y + 97. Determine o(-7).
-8
Let t(r) = -25*r**2 + 3*r + 1. Calculate t(-1).
-27
Let w(j) = -17*j - 29. Give w(-9).
124
Let o(f) = f**3 + 14*f**2 + f - 14. Give o(-14).
-28
Let i(l) = -l**2 - 19*l + 202. Determine i(7).
20
Let p(m) = -31*m**3 - m**2 - m + 3. What is p(-2)?
249
Let i(b) = -b**2 - 2*b - 18. What is i(0)?
-18
Let c(a) = -a + 3. Give c(-5).
8
Let m(z) = z**2 + 7*z - 2. Determine m(-4).
-14
Let u(a) = -3*a**3 + 6*a**2 + 4*a - 9. Give u(5).
-214
Let f(r) = -6*r**2 + 38*r + 37. What is f(-1)?
-7
Let p(i) = 6*i**3 - i**2 - 3*i - 4. What is p(-2)?
-50
Let f(z) = -z**3 - 2*z**2 + 7*z - 14. What is f(-5)?
26
Let n(b) = -b**3 + 7*b**2 - 10*b + 4. What is n(4)?
12
Let s(m) = -5*m**2 + 132*m - 47. Give s(26).
5
Let q(a) = a**3 - 6*a**2 - 5*a - 10. Give q(8).
78
Let m(s) = s**2 - 16*s + 9. Give m(15).
-6
Let k(m) = -37*m + 131. What is k(5)?
-54
Let w(n) = -27*n**2 + 2*n + 1. Give w(-1).
-28
Let d(y) = y**3 + 44*y**2 - 92*y - 11. What is d(-46)?
-11
Let f(j) = 5*j + 157. Determine f(-31).
2
Let i(v) = -v**2 - v + 25. Determine i(-4).
13
Let p(q) = -q - 18. Give p(-11).
-7
Let d(f) = -f**2 - 7*f - 3. Give d(-3).
9
Let g(j) = -5*j + 6. Calculate g(10).
-44
Let y(r) = r**3 + r**2 - r + 5. What is y(0)?
5
Let t(p) = -p**2 + 12*p + 133. Calculate t(-7).
0
Let h(g) = -3*g + 3. Give h(2).
-3
Let r(h) = h - 2. Determine r(11).
9
Let r(n) = 3*n**2 + 4*n + 1. Calculate r(4).
65
Let a(q) = -2*q + 11. Calculate a(6).
-1
Let k(h) = -h**2 + 3*h + 65. Give k(10).
-5
Let y(q) = -29*q + 164. Determine y(6).
-10
Let j(d) = 2*d - 6. What is j(6)?
6
Let p(s) = 6*s**2 - 2*s + 2. What is p(1)?
6
Let w(c) = 7*c**2 + 12*c + 9. What is w(-1)?
4
Let z(v) = -v**3 - v**2 + 25*v - 32. Calculate z(-6).
-2
Let w(x) = -8*x**3 + x**2 + 5*x + 4. Give w(-1).
8
Let a(z) = -z + 17. Determine a(18).
-1
Let c(m) = m**3 - 8*m**2 - 12*m - 12. What is c(9)?
-39
Let o(z) = z**3 + 4*z**2 - 7*z - 6. What is o(-5)?
4
Let g(j) = j**2 + 8*j + 14. Determine g(-5).
-1
Let o(c) = 5*c + 27. Calculate o(-5).
2
Let g(w) = -w**3 - 2*w**2 + 4*w - 1. Calculate g(-2).
-9
Let w(t) = t**3 + 9*t**2 + 8*t - 9. Give w(-8).
-9
Le